*2 - 7*n + 4. Let c be u(-7). What are the prime factors of (-12)/(-14)*28/c?
2, 3
Suppose -4*z = -2*d + 2, 5*z + 19 = 2*z + 5*d. List the prime factors of (-13)/(-2 - -3 - z).
13
Let y(d) = 2*d - 14. Let x be y(6). List the prime factors of (1/(-3))/(x/174).
29
Suppose -5 = -2*a + 7. Suppose c - a*c = -95. List the prime factors of c.
19
Suppose 3*p = 2*l + 19, -5*p - 3*l = -26 - 31. What are the prime factors of p?
3
Suppose 5*y - 4*q = 90, -4*y + 2*q + 18 = -3*y. List the prime factors of y.
2, 3
Let x be -6*((-9)/(-6) - 2). Let u(f) = -2*f**2 + x*f**2 - 2*f - 6 + 7*f. List the prime factors of u(-7).
2
Let k(j) = j**3 + 13*j**2 - 23*j + 20. What are the prime factors of k(-14)?
2, 73
Let z(l) = l**2 - 3*l - 6. Suppose 3*c = -2*a - 2*a, 2*a = 5*c - 26. What are the prime factors of z(a)?
2, 3
Let d(z) = z**2 + 11*z + 6. Let s be d(-7). List the prime factors of 24/(-132) - 532/s.
2, 3
Let z be (-1)/(-1) + (1 - 2). Suppose s + s - 34 = z. What are the prime factors of s?
17
Suppose 2*w + 5*j + 0 = 1, 5*w - 2*j = 46. Let p(q) = -q**3 - 3*q**2 - 2*q - 4. Let n be p(-3). Let o = n + w. List the prime factors of o.
2, 5
Suppose 6*f - f = 20. Let z = 9 - 5. Suppose -l - f = -3*q, -z*q - l - 4*l = -37. What are the prime factors of q?
3
Let q = -7 + 12. Suppose -5*l - 85 = -q*r, 6*r - 5*r + 2*l - 11 = 0. List the prime factors of r.
3, 5
Let t(g) = -g**3 - 4*g**2 - g - 1. Let y be t(-4). Suppose 0*r + y*r - 24 = 0. List the prime factors of r.
2
Let h(s) = -s**3 - 4*s**2 - 4*s + 6. Suppose -f + 6 = -i, 2*i + i = -3*f - 6. List the prime factors of h(i).
2, 11
Suppose 3*i = -14 - 16. Let t = -13 - -10. Let s = t - i. List the prime factors of s.
7
Let r = -9 + 4. Let p(j) = j**3 + 5*j**2 - 3*j - 5. What are the prime factors of p(r)?
2, 5
Let x = 4 + -5. What are the prime factors of 2 + (2/x)/(-2)?
3
Let h be (-5)/(-1 - 3/(-2)). Let c = 23 - 13. What are the prime factors of (-122)/h - 2/c?
2, 3
Suppose -2*m = -n - 502, m - 13 - 220 = 5*n. List the prime factors of m.
11, 23
Let o(z) = z**3 - 6*z**2 + 7*z - 7. Let k be o(5). Suppose 0*i - 4*d = 5*i - 173, k*d = -3*i + 105. What are the prime factors of i?
3, 11
Suppose w = z + 7, 3*w + 18 = 2*z + 43. What are the prime factors of w?
11
Suppose 0 = 4*m - n + 25, -3*m + 2*m - 15 = -2*n. Let l(q) = 8*q + 1. Let h be l(1). Let y = h + m. What are the prime factors of y?
2
Let q(g) = -28*g - 2. What are the prime factors of q(-1)?
2, 13
Suppose g = 33 - 29. What are the prime factors of g?
2
Suppose 19 = 2*a - 3. Suppose -1 + a = z. Suppose 0 = -q + 2*x + z, -4*q + 4*x + 44 = 0. List the prime factors of q.
2, 3
Suppose 4*a + 31 = 6*a + u, 0 = -2*u - 10. List the prime factors of a.
2, 3
Suppose 4*q - 252 = 408. What are the prime factors of q?
3, 5, 11
Let a = 245 + -149. What are the prime factors of a?
2, 3
Suppose -j + 3*j = 18. List the prime factors of (3/j)/(1/27).
3
Let i = 3 + -9. Let q be 5/(15/i) - -60. Suppose -10 = 4*y - q. What are the prime factors of y?
2, 3
Let g be (-148)/(-14) - 6/(-14). Let b(j) = j + 8. List the prime factors of b(g).
19
Suppose -3*m = 3 - 48. Let n = 31 - m. What are the prime factors of n?
2
Let f = 189 + 112. List the prime factors of f.
7, 43
Let y be 2*-4 + 1 + 1. Let t(g) = -2*g - 1. Let h be t(-2). List the prime factors of 12 + h/y*0.
2, 3
Let v = -30 - -81. What are the prime factors of v?
3, 17
List the prime factors of (-14140)/(-84)*(-9)/(-5).
3, 101
Let g(j) = -30*j + 1. Let o be 7/21 - (-2)/3. Let t be g(o). Let z = 44 + t. List the prime factors of z.
3, 5
Suppose -6*g - 45 = -g. Let t(c) = 4*c + 6. Let y(k) = 5*k + 6. Let m(q) = -4*t(q) + 3*y(q). List the prime factors of m(g).
3
Suppose -3*s = -8*s + g + 27, 5*s - 45 = -5*g. List the prime factors of (8/s)/(6/81).
2, 3
Let d = 123 + 122. What are the prime factors of d?
5, 7
Let k(h) = -1 + h + 0*h + 0 + 4. What are the prime factors of k(4)?
7
Let h = 273 - 192. List the prime factors of h.
3
Suppose 3*p = -3*p + 726. List the prime factors of p.
11
Let c(n) = n**3 + n + 4. Suppose 0 = 2*o - 4*o. Let z be c(o). Let g(p) = 2*p - 2. List the prime factors of g(z).
2, 3
Let m be (-16)/(-9) - (-8)/36. Suppose -2*n - 43 = -m*o - 5*n, -2*n - 32 = -3*o. What are the prime factors of o?
2, 7
What are the prime factors of 174/18 - 4/6?
3
Suppose x + 3*o = 150, 0 = -0*o - 3*o + 6. List the prime factors of x.
2, 3
Let r be 1/(1/6) + -1. Let o = r - -4. What are the prime factors of o?
3
List the prime factors of -10*1*(-1 + -4).
2, 5
Let a be 136/10 + (-9)/15. Let s(r) = -a*r + 10*r - 3*r. List the prime factors of s(-1).
2, 3
List the prime factors of 222 + (-5 - -9) - 4.
2, 3, 37
Suppose 5*v + 58 + 3 = 3*i, 2*i - v = 43. What are the prime factors of i?
2, 11
Let g(p) = p**2 + 3*p + 5. Let h be g(-6). Let k = 7 - h. Let m = k - -24. List the prime factors of m.
2
Let t = 4 + 3. Let l = 5 + t. List the prime factors of l.
2, 3
Suppose 0 = -p - 4*d + d + 43, -200 = -4*p + 2*d. List the prime factors of p.
7
Let h(u) = u**2 - 10*u - 11. Suppose 2*o = j - 23, 5*j - o - 4*o = 90. What are the prime factors of h(j)?
2, 7
Let h be (-3)/3 + (-3)/(-1). Suppose -25 = -h*u + 25. What are the prime factors of u?
5
Let d = 18 + -18. Let f = -9 + 14. Suppose -f*o + o + 12 = d. What are the prime factors of o?
3
Suppose 0 = 5*m + 2*b - 124, -3*b - b - 12 = 0. Suppose i - 2*v = m, v - 22 = -i + 16. List the prime factors of i.
2, 17
Let b be 4/(-12) - (-190)/3. Suppose 0 = -2*w - 3*a + b, 5*w + 24 = -2*a + 187. List the prime factors of w.
3, 11
Let q(y) = -2*y - 9. Let u(f) = -f**2 - 5*f - 7. Let t be u(-6). Let v = 7 + t. What are the prime factors of q(v)?
3
Suppose 5*t - 2*q - 16 = 0, 0*t = -4*t - 2*q + 2. Suppose -r - 3*v + 1 - 2 = 0, t*r - v = 33. What are the prime factors of r?
2, 7
Let d(n) = 13*n**2 - 3*n - 1. List the prime factors of d(-2).
3, 19
Suppose -2*v - 5 = 4*p - 3, -2*p + v = -9. Let q be 0*(0 + (-1)/p). Suppose -2*u = 4*k - 4, 5*u + q*k - 2*k = 46. What are the prime factors of u?
2
Let i = -5 - -1. What are the prime factors of ((-3)/i)/((-3)/(-60))?
3, 5
List the prime factors of (4/(-2))/(5/(-195)).
2, 3, 13
Suppose -a = c - 4*a - 22, -38 = -3*c + 2*a. Suppose -4*w = -i - 14, -2*w - w + c = -i. What are the prime factors of i?
2
Suppose 3*w + 2*s + 10 = 0, s + 12 = w - 6*w. Let u = w + 27. What are the prime factors of u?
5
What are the prime factors of 2/(-6) + 122/6?
2, 5
Let l be 2/4 - 17/2. Let o = -3 - l. Suppose o*f = 3*i - 46, 0 = -3*i - 0*f + 3*f + 48. What are the prime factors of i?
17
Let y(j) = 2*j**2 + 11*j - 50. What are the prime factors of y(-13)?
5, 29
Let z = -71 - -185. List the prime factors of z.
2, 3, 19
Let f(d) = 3*d**2 + 2*d + 1. Let g(z) = -4*z**2 - 3*z - 1. Let j(r) = -5*f(r) - 4*g(r). Let v be j(1). Suppose -p = v*p - 18. List the prime factors of p.
2, 3
Let h be (-10)/4*(-20)/25. Suppose -2*f - 176 = -3*m, 2*m + 2*m + 3*f = 246. Suppose -h*x + m = 3*x. What are the prime factors of x?
2, 3
Let r(s) = 18*s - 11. What are the prime factors of r(9)?
151
Let p(z) = -4*z**2 - 31*z. Let o(b) = b**2 + 10*b. Let w(a) = 7*o(a) + 2*p(a). What are the prime factors of w(7)?
7
Let m(r) = 2*r**2 - 3*r - 2. List the prime factors of m(5).
3, 11
Let x(l) = l - 4. Let n be x(4). Let p(y) be the second derivative of -y**4/12 + 3*y**2/2 + 2*y. What are the prime factors of p(n)?
3
Let v(n) = 5*n**2 + 5*n - 2. Let r(z) = -6*z**2 - 5*z + 3. Let f(g) = -4*r(g) - 5*v(g). List the prime factors of f(-2).
2
Let u = 2 + 1. Suppose u*q - 56 = -j, -q + 5*q = 4*j + 48. List the prime factors of q.
17
Let x(y) = -y**2 - 7*y - 4. Let l be x(-6). Let m(i) = 1 - 9*i - 1 + 5*i**l - 4 - 6*i**2. List the prime factors of m(-7).
2, 5
Let k(d) = -d**3 - 8*d**2 - 7*d. Let z be k(-7). Suppose m = c + 5, z = -2*m + m - c + 5. Suppose -m*j + 39 = -6. What are the prime factors of j?
3
Suppose -210 = -6*t + t. List the prime factors of t.
2, 3, 7
Let n(i) = i**3 - 5*i**2 - 2*i + 13. List the prime factors of n(6).
37
Suppose 27 = -2*o - 27. Let n(u) = -u. Let i be n(2). What are the prime factors of o/i + 2/(-4)?
13
Suppose 4*s = -91 + 331. List the prime factors of s.
2, 3, 5
Let n = 203 - 117. Let r be (90/(-25))/((-4)/10). What are the prime factors of n/18 - (-2)/r?
5
Suppose -4*t + 2*j = -t - 242, 